{"id":116,"date":"2021-07-28T17:15:00","date_gmt":"2021-07-28T17:15:00","guid":{"rendered":"http:\/\/cieae2022.uclm.es\/?page_id=116"},"modified":"2022-07-11T13:27:02","modified_gmt":"2022-07-11T11:27:02","slug":"faqs","status":"publish","type":"page","link":"https:\/\/vciea-cea.uclm.es\/Congreso2022\/?page_id=116","title":{"rendered":"FAQs"},"content":{"rendered":"\n<p><strong>Importante<\/strong>: Por favor, lea atentamente las FAQs antes de enviar cualquier pregunta por correo electr\u00f3nico al congreso. Las preguntas enviadas por correo electr\u00f3nico ser\u00e1n respondidas con una recomendaci\u00f3n de leer la siguiente informaci\u00f3n que ser\u00e1 actualizada peri\u00f3dicamente<\/p>\n\n\n\n<p><strong>1. \u00bfCu\u00e1les son las modalidades de propuestas del CIEAE?<\/strong><\/p>\n\n\n\n<p><em>Simposios: <\/em>Propuestas de presentaci\u00f3n de investigaciones en torno a un tema con un coordinador. Un simposio presupone 4-5 comunicaciones, y el coordinador es responsable de su organizaci\u00f3n<em>.<\/em><\/p>\n\n\n\n<p><em>Comunicaciones: <\/em>propuestas de presentaci\u00f3n de investigaci\u00f3n en fase avanzada de desarrollo, que se presentar\u00e1n de forma oral integradas en mesas formadas por el Comit\u00e9 Organizador.<\/p>\n\n\n\n<p><em>Posters: <\/em>propuestas de presentaci\u00f3n de investigaci\u00f3n, que se presentar\u00e1n de forma visual.<\/p>\n\n\n\n<p>Otra modalidad: Informe de una actuaci\u00f3n pedag\u00f3gica sobre la participaci\u00f3n en la escuela.<\/p>\n\n\n\n<p>El resumen puede tener un m\u00e1ximo de 300 palabras.<\/p>\n\n\n\n<p><strong>2. \u00bfCu\u00e1l es el idioma oficial del evento?<\/strong><\/p>\n\n\n\n<p>El IVCIEAE acepta propuestas de participaci\u00f3n en espa\u00f1ol, portugu\u00e9s e ingl\u00e9s.<\/p>\n\n\n\n<p><strong>3. \u00bfC\u00f3mo realizar el pago de la inscripci\u00f3n?<\/strong><\/p>\n\n\n\n<p>El pago de la inscripci\u00f3n del congreso debe realizarse a trav\u00e9s del formulario de inscripci\u00f3n, en la pesta\u00f1a Inscripci\u00f3n.<\/p>\n\n\n\n<p><strong>4. \u00bfCu\u00e1ntos autores se pueden registrar?<\/strong><\/p>\n\n\n\n<p>Al menos uno de los autores del trabajo a presentar debe estar inscrito en el congreso. S\u00f3lo el autor registrado tiene derecho a un certificado, que se enviar\u00e1 posteriormente en formato pdf.<\/p>\n\n\n\n<p><strong>5. \u00bfCu\u00e1ntas y qu\u00e9 tipo de propuestas se pueden hacer en la modalidad de simposio?<\/strong><\/p>\n\n\n\n<p>Se pueden proponer de cuatro a cinco trabajos que se ajusten a un tema com\u00fan, ya sean proyectos o resultados de investigaci\u00f3n.<\/p>\n\n\n\n<p><strong>6. \u00bfCu\u00e1l es la cuota de inscripci\u00f3n cuando el autor es un estudiante?<\/strong><\/p>\n\n\n\n<p>La cuota de inscripci\u00f3n es id\u00e9ntica para cualquier tipo de autor o congresista, ya sea profesional o estudiante. El precio var\u00eda \u00fanicamente en funci\u00f3n de la fecha de inscripci\u00f3n: del 8 de abril al 24 de mayo | Coste: 230\u20ac; del 25 al 31 de mayo | Coste: 280\u20ac.<\/p>\n\n\n\n<p><strong>7. \u00bfEs posible inscribirse s\u00f3lo para asistir al evento, sin presentar una ponencia?<\/strong><\/p>\n\n\n\n<p>S\u00ed, s\u00f3lo tiene que rellenar el formulario de inscripci\u00f3n disponible en la p\u00e1gina web del congreso y realizar el pago correspondiente, id\u00e9ntico al de los dem\u00e1s participantes en el congreso.<\/p>\n\n\n\n<p><strong>8. Los miembros de los Comit\u00e9s del Congreso (Organizador, Cient\u00edfico y Colaborador) pagan las cuotas de inscripci\u00f3n?<\/strong><\/p>\n\n\n\n<p>S\u00ed, excepto cuando organizan un simposio o realizan un trabajo concreto importante en las actividades del Congreso.<\/p>\n\n\n\n<p><strong>9. \u00bfEs posible presentar una ponencia en el congreso sin tener que publicarla all\u00ed?<\/strong><\/p>\n\n\n\n<p>S\u00ed, un trabajo presentado en el congreso puede enviarse para su publicaci\u00f3n donde el autor considere.<\/p>\n\n\n\n<p><strong>10. \u00bfCu\u00e1ndo se considera que un participante est\u00e1 inscrito en el CIEAE?<\/strong><\/p>\n\n\n\n<p>La inscripci\u00f3n s\u00f3lo se considera v\u00e1lida despu\u00e9s de rellenar los datos solicitados en la p\u00e1gina web del congreso y realizar el pago.<\/p>\n\n\n\n<p><strong>11. \u00bfQui\u00e9n puede presentar los trabajos aceptados?<\/strong><\/p>\n\n\n\n<p>S\u00f3lo los autores registrados (con el pago realizado) pueden realizar la presentaci\u00f3n.<\/p>\n\n\n\n<p><strong>12. \u00bfExiste un l\u00edmite en el n\u00famero de trabajos a presentar?<\/strong><\/p>\n\n\n\n<p>S\u00ed, cada autor inscrito podr\u00e1 presentar un m\u00e1ximo de dos trabajos, uno de ellos deber\u00e1 ser obligatoriamente en formato p\u00f3ster, y podr\u00e1 ser mencionado en otros trabajos como coautor.<\/p>\n\n\n\n<p><strong>13. \u00bfLa participaci\u00f3n en el congreso otorga un certificado?<\/strong><\/p>\n\n\n\n<p>S\u00ed, todos los participantes inscritos que presenten un trabajo tendr\u00e1n derecho a un certificado de participaci\u00f3n, que se enviar\u00e1 posteriormente en formato pdf.<\/p>\n\n\n\n<p><strong>14. \u00bfEl certificado contiene s\u00f3lo el nombre de la persona registrada o incluye a todos los coautores del trabajo?<\/strong><\/p>\n\n\n\n<p>S\u00f3lo el autor inscrito que presenta el trabajo tiene un certificado de presentaci\u00f3n de trabajo. Sin embargo, este certificado contendr\u00e1 el nombre de todos los coautores del trabajo presentado.<\/p>\n\n\n\n<p><strong>15. \u00bfC\u00f3mo realiz\u00f3 el pago de la inscripci\u00f3n del congreso?<\/strong><\/p>\n\n\n\n<p>El pago de la inscripci\u00f3n debe hacerse siguiendo las instrucciones que recibir\u00e1 una vez completado el formulario de inscripci\u00f3n que se encuentra en la pesta\u00f1a \u201cInscripci\u00f3n\u201d.<br><br><strong>16. \u00bfQu\u00e9 incluye la cuota de inscripci\u00f3n?<\/strong><\/p>\n\n\n\n<p>La inscripci\u00f3n incluye: acceso al congreso, conexi\u00f3n Wifi, links de acceso online a las presentaciones, coffee breaks, excursi\u00f3n guiada por el casco antiguo de la ciudad (d\u00eda 19), posibilidad de su trabajo aparezca en las Actas y en el E-book del congreso, y certificado de participaci\u00f3n\/comunicaci\u00f3n.<\/p>\n\n\n\n<p>En apoyo de los \u201cMovimientos contra la Huella Ecol\u00f3gica\u00bb se ha decidido evitar los consumibles no esenciales, tales como: bolsa del congreso y la producci\u00f3n en soporte papel de folleto, libro de res\u00famenes, programa y certificados. Los certificados se enviar\u00e1n posteriormente en formato pdf, con el nombre de todos los coautores.<br><br><strong>17. \u00bfSi asisto presencialmente, debo enviar mi p\u00f3ster en formato pdf?<\/strong><\/p>\n\n\n\n<p>Todos los posters deben enviarse en formato pdf antes del 5 de julio de 2022 a trav\u00e9s de la plataforma de env\u00edo. Para ello debe utilizar la opci\u00f3n \u201csubir comunicaci\u00f3n\u201d, en su propuesta de poster aceptada.<\/p>\n\n\n\n<p>Todos los posters presentados al IVCIEAE estar\u00e1n disponibles en formato online a trav\u00e9s de la web del congreso.<\/p>\n\n\n\n<p>El p\u00f3ster debe estar orientado verticalmente, constar\u00e1 de una sola hoja y una dimensi\u00f3n de 90 cm (ancho) por 120 cm (alto).<\/p>\n\n\n\n<p>Los asistentes presenciales dispondr\u00e1n, adem\u00e1s, de un espacio f\u00edsico y un horario d\u00f3nde exponer sus posters.<\/p>\n\n\n\n<p><strong>18. \u00bfC\u00f3mo debo enviar mi poster?<\/strong><\/p>\n\n\n\n<p>Los posters aceptados deben enviarse a trav\u00e9s de la plataforma de env\u00edo<\/p>\n\n\n\n<p><a href=\"https:\/\/eventos.uclm.es\/68189\/upload\/iv-congreso-internacional-de-engagement-de-los-alumnos-en-la-escuela.html.html\" target=\"_blank\" rel=\"noreferrer noopener\">https:\/\/eventos.uclm.es\/68189\/upload\/iv-congreso-internacional-de-engagement-de-los-alumnos-en-la-escuela.html.html<\/a><\/p>\n\n\n\n<p>Para ello debe utilizar la opci\u00f3n \u201c<em>subir comunicaci\u00f3n<\/em>\u201d o&nbsp;\u201c<em>submeter paper<\/em>\u201d., en su propuesta de poster aceptada.<\/p>\n\n\n\n<p><strong>19. \u00bfDebo imprimir mi p\u00f3ster para la presentaci\u00f3n presencial?<\/strong><\/p>\n\n\n\n<p>S\u00ed, los asistentes presenciales que vayan a exponer su poster en el horario y espacio asignado deber\u00e1n encargarse de imprimirlo y colgarlo con la ayuda de la organizaci\u00f3n durante la media hora anterior a la exposici\u00f3n.<\/p>\n\n\n\n<p>Los autores de cada poster tambi\u00e9n deber\u00e1n retirarlos de los paneles expositores al final del d\u00eda.<\/p>\n\n\n\n<p><strong>20. \u00bfDebo enviar antes la presentaci\u00f3n de mi comunicaci\u00f3n online o presencial?<\/strong><\/p>\n\n\n\n<p>No. La presentaci\u00f3n de las comunicaciones, ya sean online o presenciales, no deben enviarse con antelaci\u00f3n. Es responsabilidad del ponente que su presentaci\u00f3n funcione correctamente y de que su conexi\u00f3n a Internet funcione.<\/p>\n\n\n\n<p>Si durante alguna comunicaci\u00f3n online se presenta alg\u00fan problema de conexi\u00f3n por parte de alg\u00fan ponente, se les dar\u00e1 la posibilidad de volver a realizar la exposici\u00f3n en una nueva sesi\u00f3n que no aparecer\u00e1 en el programa.<\/p>\n\n\n\n<p><strong>21. \u00bfC\u00f3mo me conecto para realizar mi presentaci\u00f3n online o para asistir a una sesi\u00f3n?<\/strong><\/p>\n\n\n\n<p>Todas las personas matriculadas en el congreso recibir\u00e1n los enlaces de la herramienta Teams para poder asistir a todas sesiones online y presenciales del IV CIEAE.<\/p>\n\n\n\n<p>S\u00f3lo las personas matriculadas recibir\u00e1n los enlaces de las conferencias y comunicaciones.<\/p>\n\n\n\n<p>Deben asegurarse del que el e-mail proporcionado al hacer su inscripci\u00f3n funciona correctamente.<\/p>\n\n\n\n<p>El horario del programa est\u00e1 establecido seg\u00fan (UTC+01:00) Bruselas, Copenhague, Madrid, Par\u00eds. Si se conecta desde un punto distinto debe tener en cuenta la variaci\u00f3n horaria<\/p>\n\n\n\n<p><strong>22. \u00bfCu\u00e1ndo debo enviar el texto completo del trabajo para su publicaci\u00f3n?<\/strong><\/p>\n\n\n\n<p>Los art\u00edculos finales deber\u00e1n y enviarse entre el 20 y el 30 de julio a trav\u00e9s de la plataforma de env\u00edo.<\/p>\n\n\n\n<p><a href=\"https:\/\/eventos.uclm.es\/68189\/upload\/iv-congreso-internacional-de-engagement-de-los-alumnos-en-la-escuela.html.html\" target=\"_blank\" rel=\"noreferrer noopener\">https:\/\/eventos.uclm.es\/68189\/upload\/iv-congreso-internacional-de-engagement-de-los-alumnos-en-la-escuela.html.html<\/a><\/p>\n\n\n\n<p>Para ello debe utilizar la opci\u00f3n \u201c<em>subir comunicaci\u00f3n<\/em>\u201d o&nbsp;\u201c<em>submeter paper<\/em>\u201d en su propuesta de comunicaci\u00f3n aceptada.<\/p>\n\n\n\n<p>Debe seguirse la gu\u00eda de estilo proporcionada en&nbsp;<a href=\"https:\/\/cieae2022.uclm.es\/envio-de-trabajos\/publicaciones\/\" target=\"_blank\" rel=\"noreferrer noopener\">https:\/\/cieae2022.uclm.es\/envio-de-trabajos\/publicaciones\/<\/a><\/p>\n","protected":false},"excerpt":{"rendered":"<p>Importante: Por favor, lea atentamente las FAQs antes de enviar cualquier pregunta por correo electr\u00f3nico al congreso. Las preguntas enviadas<\/p>\n","protected":false},"author":1,"featured_media":0,"parent":0,"menu_order":0,"comment_status":"closed","ping_status":"closed","template":"","meta":{"ngg_post_thumbnail":0,"footnotes":""},"class_list":["post-116","page","type-page","status-publish","hentry","comments-off"],"_links":{"self":[{"href":"https:\/\/vciea-cea.uclm.es\/Congreso2022\/index.php?rest_route=\/wp\/v2\/pages\/116","targetHints":{"allow":["GET"]}}],"collection":[{"href":"https:\/\/vciea-cea.uclm.es\/Congreso2022\/index.php?rest_route=\/wp\/v2\/pages"}],"about":[{"href":"https:\/\/vciea-cea.uclm.es\/Congreso2022\/index.php?rest_route=\/wp\/v2\/types\/page"}],"author":[{"embeddable":true,"href":"https:\/\/vciea-cea.uclm.es\/Congreso2022\/index.php?rest_route=\/wp\/v2\/users\/1"}],"replies":[{"embeddable":true,"href":"https:\/\/vciea-cea.uclm.es\/Congreso2022\/index.php?rest_route=%2Fwp%2Fv2%2Fcomments&post=116"}],"version-history":[{"count":15,"href":"https:\/\/vciea-cea.uclm.es\/Congreso2022\/index.php?rest_route=\/wp\/v2\/pages\/116\/revisions"}],"predecessor-version":[{"id":1837,"href":"https:\/\/vciea-cea.uclm.es\/Congreso2022\/index.php?rest_route=\/wp\/v2\/pages\/116\/revisions\/1837"}],"wp:attachment":[{"href":"https:\/\/vciea-cea.uclm.es\/Congreso2022\/index.php?rest_route=%2Fwp%2Fv2%2Fmedia&parent=116"}],"curies":[{"name":"wp","href":"https:\/\/api.w.org\/{rel}","templated":true}]}}