{"id":80,"date":"2021-07-28T16:59:32","date_gmt":"2021-07-28T16:59:32","guid":{"rendered":"http:\/\/cieae2022.uclm.es\/?page_id=80"},"modified":"2022-03-04T17:25:38","modified_gmt":"2022-03-04T16:25:38","slug":"proceso-de-revision","status":"publish","type":"page","link":"https:\/\/vciea-cea.uclm.es\/Congreso2022\/?page_id=80","title":{"rendered":"Modalidad online"},"content":{"rendered":"<p>Los asistentes que elijan la modalidad online podr\u00e1n asistir a las distintas ponencias y comunicaciones a trav\u00e9s de la plataforma Teams.<\/p>\n<p>Los participantes online realizar\u00e1n su presentaci\u00f3n a trav\u00e9s de la herramienta Teams.<\/p>\n<p>Todos los posters ser\u00e1n expuestos a trav\u00e9s de la web del congreso.<\/p>\n<p>Los asistentes al congreso recibir\u00e1n una clave de conexi\u00f3n Wifi para utilizar en las instalaciones del congreso.<\/p>\n\n\n<p><\/p>\n","protected":false},"excerpt":{"rendered":"<p>Los asistentes que elijan la modalidad online podr\u00e1n asistir a las distintas ponencias y comunicaciones a trav\u00e9s de la plataforma<\/p>\n","protected":false},"author":1,"featured_media":0,"parent":74,"menu_order":0,"comment_status":"closed","ping_status":"closed","template":"","meta":{"ngg_post_thumbnail":0,"footnotes":""},"class_list":["post-80","page","type-page","status-publish","hentry","comments-off"],"_links":{"self":[{"href":"https:\/\/vciea-cea.uclm.es\/Congreso2022\/index.php?rest_route=\/wp\/v2\/pages\/80","targetHints":{"allow":["GET"]}}],"collection":[{"href":"https:\/\/vciea-cea.uclm.es\/Congreso2022\/index.php?rest_route=\/wp\/v2\/pages"}],"about":[{"href":"https:\/\/vciea-cea.uclm.es\/Congreso2022\/index.php?rest_route=\/wp\/v2\/types\/page"}],"author":[{"embeddable":true,"href":"https:\/\/vciea-cea.uclm.es\/Congreso2022\/index.php?rest_route=\/wp\/v2\/users\/1"}],"replies":[{"embeddable":true,"href":"https:\/\/vciea-cea.uclm.es\/Congreso2022\/index.php?rest_route=%2Fwp%2Fv2%2Fcomments&post=80"}],"version-history":[{"count":5,"href":"https:\/\/vciea-cea.uclm.es\/Congreso2022\/index.php?rest_route=\/wp\/v2\/pages\/80\/revisions"}],"predecessor-version":[{"id":553,"href":"https:\/\/vciea-cea.uclm.es\/Congreso2022\/index.php?rest_route=\/wp\/v2\/pages\/80\/revisions\/553"}],"up":[{"embeddable":true,"href":"https:\/\/vciea-cea.uclm.es\/Congreso2022\/index.php?rest_route=\/wp\/v2\/pages\/74"}],"wp:attachment":[{"href":"https:\/\/vciea-cea.uclm.es\/Congreso2022\/index.php?rest_route=%2Fwp%2Fv2%2Fmedia&parent=80"}],"curies":[{"name":"wp","href":"https:\/\/api.w.org\/{rel}","templated":true}]}}